+ 59?
83
What is the value of -48 + 42 + -43 - -57?
8
(-10 - 1) + (-9 + (-64 - 3) - (-6 - -9))
-90
Calculate 18 + -9 - (-6 + -2 - 24).
41
Evaluate 49 - ((4 - -7) + (-38 - -20) + -3).
59
What is -32 - 1 - (21 + 12 - 23)?
-43
What is 96 - 183 - (-1 - 27) - (-2 - -13)?
-70
(-13 + (-1 - 0) - (18 - 22)) + 28
18
What is the value of -13 - (10 + 9 + -13 + (-79 - -3)) - -13?
70
Evaluate 68 - 58 - (21 + 2) - -3.
-10
What is -26 - (5 - 6 - ((-14 - -75) + -23))?
13
What is the value of -44 - -86 - 41 - (-92 - -3) - (13 - 2)?
79
Evaluate -5 + -8 - (279 - 280).
-12
-15 + 1 + (-137 - (-173 - 24))
46
What is 1 + (-5 - -1) + 23 - (-54 - -198)?
-124
What is (71 - 77) + -1 + -10 - -25?
8
Calculate (-10 + -3 - -11 - 5) + 11 + -32.
-28
Calculate 0 - -44 - 0 - (-61 + 47).
58
48 + (18 - 28) + -39 + 1
0
Evaluate 3 + (-3 - -6) - (505 - 542).
43
What is the value of -10 - (-70 + 15) - (4 - -12 - 10 - -8)?
31
What is the value of -17 - ((52 - (26 + 0)) + -26)?
-17
What is the value of -71 + 3 + -4 + 14 - (-9 + 6)?
-55
-6 + -8 + 23 - (65 - (-2 - -19))
-39
What is 0 + 25 - (-21 + (-9 - 2))?
57
Evaluate (-27 - (-24 + 24 + -6)) + (-1 - -5).
-17
Calculate 37 - (-15 + 3 + -59 + 67 + 1 + 7).
33
Calculate -40 + 1 - ((7 - 2) + -40 + 19).
-23
Evaluate (-8 - -1) + -2 + (18 - (-2 + 1)).
10
What is the value of (2154 - 2177) + (0 - -14)?
-9
151 - 13 - (-92 + 96)
134
What is -65 - (86 + -67) - -101?
17
Evaluate -3279 + 3305 + (-5 + -1 + 3 - 6).
17
Evaluate 12 - (20 - (5 - -13 - 10)) - 50.
-50
What is -5 - (5 + -2) - 5 - (-47 + 25 + 34)?
-25
Calculate -74 + (88 - 19) + -82.
-87
Evaluate -2 - -5 - (-36 - (2 + -31)) - 2 - 10.
-2
Evaluate -40 + 40 - (1 - (-2 - (-1 - 2))) - 85.
-85
What is the value of 24 - (-35 - (46 - 93))?
12
Calculate -5 + -54 + (13 - (-14 + 23 + -13)).
-42
Calculate (0 - -7) + -9 + 10 + 33 + (-15 - 18).
8
What is the value of (-451 - -418) + (19 - -1) + 44?
31
What is -11 + 43 - (12 - 5)?
25
(766 + -750 - (-1 - -88)) + 30
-41
Calculate (11 - 3 - -1) + 2 + (87 - 147).
-49
What is -46 - 29 - (-1 + -1 + -6 + 11 + 2)?
-80
What is -4 + (10 + -21 - -18) + -4 + -12?
-13
What is the value of 11 + -16 + -2 + (2 - -2) + 3 + -53?
-53
17 - (37 - (-9 - (23 + -32)))
-20
Evaluate (88 - (-18 + 40)) + (-6 - -2 - -4).
66
Calculate -14 + 24 + (32 - 26).
16
-29 - (-8 - -1) - (-28 + -9 + 22) - 91
-98
What is 11 - ((4 - 7) + (-60 - -61))?
13
Evaluate -258 + 259 + 1 + -2 + 6 - (-16 + 2).
20
2403 + -2362 - (-1 + 22)
20
What is (17 - 46) + 55 + -10 + -3 + 28?
41
What is the value of 0 + 7 + 83 - ((20 - 59) + 56)?
73
Evaluate 121 + -88 + 12 - 81.
-36
73 - (22 - -11) - 28
12
Evaluate -36 - (-117 - 16 - (-22 + 15)).
90
Calculate 132 + 1 - (75 + -11).
69
Calculate -1706 - -1677 - (-78 - 0).
49
Calculate (-42 - -25) + -2 + -1 + (106 - 11).
75
Calculate (123 - (191 + -90)) + -114.
-92
Calculate -2 + (-44 - -92 - 92).
-46
Calculate -19 + -5 + (-7 + 14 - 10) - 10.
-37
Calculate (-4685 - -4655) + 106 + -2.
74
What is -8 + (11 - 39 - -163) - (-2 - (-1 + 13))?
141
1 - (-19 + 53 - 60 - (-3 - -5 - 17))
12
What is the value of (295 - 286) + (2 + (-4 + 3 - 3) - -10)?
17
What is the value of (121 + -145 - (2 - 29)) + 0 + -2?
1
Evaluate 51 + (-2 - 7) - (-46 + 34).
54
Evaluate -80 - (-1303 + 1312 - (4 - (2 + -1 + -3))).
-83
What is the value of 2 - -67 - (15216 - 15158)?
11
Calculate 2 + -53 + -2 + (39 - 24).
-38
Calculate 16 - (43 - 1) - (3 + (9 - 1 - 1)).
-36
What is the value of 27 - 33 - (82 - (-4 + 19))?
-73
What is 0 - (-2 + -4) - -12 - (-276 - -276)?
18
What is 5 + 8 - ((6 + 10 - -13) + 9)?
-25
51 + -34 + 1 - -16
34
What is 28 + 6 + (-81 - -35)?
-12
What is the value of -3 + (-37 + 30 - -55)?
45
-22 + (17 + 0 - (-81 - (-9 + -1)))
66
Calculate 36 - (23 + 34 + 35).
-56
What is the value of 48 + -53 + -66 - -86?
15
What is the value of 9328 + -9332 + 17 + (-1 - 0)?
12
What is -72 + 8 + 54 - (-58 + 8)?
40
What is the value of 3 + (-5 - -23) + 38 + (19 - 51)?
27
93 - (-5 + -30 - -56 - 23)
95
What is (52 - 21) + -38 + 31 - -42?
66
9 - -22 - 12 - 15
4
What is 6 + 7 + -88 + 34?
-41
Evaluate 80 - (77 - 80) - -54.
137
What is 0 + (-17 - -28) + 14 + -27 + 78?
76
What is the value of -26 - (143 + -4 - 163)?
-2
Evaluate 33 - 2 - (-161 + (95 - 21)).
118
Evaluate (-6 + 15 - (0 + 2)) + -2 - -4.
9
What is -94 - (46 + -13) - -29?
-98
5 + (-39 - -52) - -7
25
(-39 + 15 - -38) + -65 + 3
-48
What is the value of (-53 + 0 - -75) + -7 + 1?
16
-114 - ((2 - 10 - (157 - 153)) + 10)
-112
Calculate ((-11 + 0 - 11) + 27 - 17) + 2 + 45.
35
Evaluate -6 + 13 - (6 + (17 - 13) + -9) - -4.
10
3 - 7 - (4 + -27 - (-90 - -149))
78
Calculate (-143 - (70 - 337)) + -180.
-56
What is (10 - 0 - ((11 - (22 + -69)) + -13)) + 6?
-29
What is the value of -120 + (182 - 123) - (3 - 3)?
-61
(-15 - (34 - 28 - -11)) + 106
74
What is 48 + (45 - 82) + -3?
8
(-1 - -1) + -25 + 2259 + -2183
51
What is the value of 414351 - 414375 - ((0 - 1) + -126 - 1)?
104
What is the value of (-1 + -7 - 10) + 130 + -97?
15
What is (-13 - 0) + 37 + -73?
-49
Evaluate -15 - -43 - 42 - -39.
25
Evaluate -4 - (85 - 70) - 24.
-43
What is (-2 - 39) + (724 - 725)?
-42
Calculate -76 + (-165 - -161) + (2 - -1) + -6 + -3.
-86
What is 3130 + -3205 + 96 + 2?
23
What is -4 + 13 + (28 - 3 - 18 - 12)?
4
14 + -1 + (104 - 64 - (23 - -2))
28
What is 55 - (-29 + 45 + -7 - (3 - 1))?
48
Evaluate (1 - -4 - (0 + 2)) + -183 + 86 + 117.
23
Evaluate 6 + -12 - -20 - (31 + 10 + -23).
-4
Evaluate -2176 + 2038 + 61 + -3.
-80
Evaluate (-65 - -40) + 0 + -8.
-33
Calculate (-7 - 4) + (-1 + 1 - -7 - (277 - 277)).
-4
What is the value of (-24 - -114) + -88 - -109?
111
(0 - -5) + (-90 + -15 - -74)
-26
What is -59 - (5 + -5 + 7 - (369 - 382))?
-79
Evaluate -6 + 3 + 72 - (20 + -24 - 11 - -17).
67
What is -31 - (10 + -9 + (20 - 7) + -3 + 1)?
-43
Calculate -3 + (-5 + 4 + -13 - (-20 - -15)).
-12
-2 + -5 - (64 - (20 - (-1 - -7)))
-57
What is the value of -34 + (6 - (-1 + (-23 - -13) + 30 + -11))?
-36
132 + -139 - (16 + 2)
-25
Evaluate -38 + 16 + (102 - 41).
39
Evaluate 31 + (-2 - -8) - (-14 + 27) - 11.
13
What is (-75 + 67 - -21) + (0 - 1)?
12
Evaluate (-30 - 19 - -16) + -26.
-59
Calculate (16 - 7) + (-1 - -2 - (0 - (4 + 5))).
19
24 + 6 + 6 + -22 + (-1 - -4) + -103
-86
(10 - 3) + (2083 - 2070)
20
What is the value of -3 - (-59 - -49) - (-16 + -2)?
25
Calculate -25 - -21 - -15 - (-11 - -53).
-31
Evaluate (16 - 27) + 29 + -56 + 15 + -10.
-33
What is the value of -99 + (-20 - -4 - (-60 + 39)) + 11?
-83
What is -1 + -17 - (2 + (4 - -12) + -3)?
-33
What is the value of -1 + 17 - (-72 - (45 - 108))?
25
Evaluate -3 + -1 + 122 + (36 - (-52 + 106)).
100
Evaluate 0 + 13 - (-3 + -15 + (0 - -23)).
8
Evaluate -5 + 21 + 21 + -15 + 16.
38
Calculate -14 + 4 - (40 - (-24 - -20) - -26).
-80
Calculate 68 + -58 - ((33 - -51) + 0 + 1).
-75
What is 28 + -20 + -33 + 17 - (-8 - -2)?
-2
What is the value of -11 + 8 + -18 + -17?
-38
What is the value of (-3 - 86) + 24 + -1 + -49 + (-9 - -47)?
-77
-27 - (-5 - 10) - -10 - -15
13
What is the value of (-47 + 13 - -3) + (1 - (14 - -4))?
-48
(-4 - 6) + (15 + (-7 - 11) - -47)
34
Calculate 5 - (11 + (0 - 3) + -4) - 55 - -7.
-47
-51 + 132 + -128 + -19
-66
Evaluate 23 + -8 - ((-15 - 5) + 16).
19
What is 25 - 25 - (-14 - 0) - 60?
-46
Evaluate -6 + -37 + 27 + (13 - (-1 + 8)).
-10
Calculate -57 - (-45 + (-19 - -47)).
-40
34 + (-3 - -2) + (100 - 120) - (0 - 22)
35
What is the value of (120 - (-55 + -13)) + -81?
107
What is 28 + (7 - (3 - -30)) - 6?
-4
-114 + 68 + (20 - 100)
-126
What is 17 + 1 + (339 - 383)?
-26
Evaluate (-3 - -5) + (15 + -29 - (7 + -37)).
18
Calculate 52 + -81 + (34 - -39).
44
What is 2 + -2 + (-24 - -33 - -22 - 30)?
1
Calculate (-215 - (-104 + -43)) + 134.
66
What is 4 - -4 - (8 - 8 - -54 - (-19 + 9))?
-56
Evaluate -107 + 2 + (74 - -72).
41
(-1 - -44) + ((5 - 21) + 5 - 1)
31
102 - 82 - (-1 - (10 - -4)) - 3
32
Calculate -91 + (30 - 29 - -9) - -12.
-69
-17 + 59 + -30 + (-49 - (-3 - -3))
-37
What is the value of (11 - 2) + 0 + (58 - (24 - -46)) + -10?
-13
What is -5 - 7 - ((12 - 9) + -2 - -11)?
-24
Calculate (-10 - (-23 - (-2 - 9))) + 8 + 18.
28
22 + -5 + -29 - (-2 + 0 + -43)
33
Evaluate -30 + 32 + (6 - 5) + -9.
-6
1 + 3 + -15 + 714 + -692
11
Calculate -67 + 60 + -7 - (1 + 27) - -1.
-41
What is 0 - (-29 + (-56 - -16) + 57)?
12
Evaluate 22 + (-12 - -23) + 0 + 3 + 0 + 7.
43
Evaluate 9 - 